1806
In base 5, what is 2442124 - -10?
2442134
In base 5, what is 12421113 - -30?
12421143
In base 4, what is -300 - 2203?
-3103
In base 7, what is -15 + 21056?
21041
In base 9, what is -22 + -607?
-630
In base 5, what is -4 - 41120341?
-41120400
In base 10, what is 933 - 232?
701
In base 5, what is 24434 + 14?
30003
In base 12, what is -2 + -15373b?
-153741
In base 13, what is -63857 - -3?
-63854
In base 8, what is -6 + -1306430?
-1306436
In base 7, what is 553 - 22?
531
In base 3, what is -102201010212 - -12?
-102201010200
In base 8, what is 4 + 1264?
1270
In base 5, what is -2044004 - 4?
-2044013
In base 12, what is 448 + a2?
52a
In base 11, what is -12137 - 3?
-1213a
In base 7, what is -12533 - 24?
-12560
In base 5, what is 4 - -11144?
11203
In base 12, what is -657 - -b?
-648
In base 7, what is -3 + -1155152?
-1155155
In base 3, what is -10002 + 221220?
211211
In base 2, what is -10010 + 1111100111001?
1111100100111
In base 13, what is 113b + -122?
1019
In base 15, what is -150 + -75b?
-8ab
In base 3, what is -12102120 + 2?
-12102111
In base 3, what is 0 + -111100221?
-111100221
In base 2, what is -110111101011011000 - -10?
-110111101011010110
In base 8, what is -226263 - -6?
-226255
In base 9, what is 201442 - -2?
201444
In base 5, what is -333210 - 10?
-333220
In base 7, what is -1420154 + 1?
-1420153
In base 10, what is -378 + -2780?
-3158
In base 15, what is 4 - -b7c?
b81
In base 5, what is -2242 - -3341?
1044
In base 4, what is -103032 - 120320?
-230012
In base 12, what is 0 + -7538?
-7538
In base 8, what is 0 - -22552?
22552
In base 12, what is -2 - -1226?
1224
In base 6, what is -44550545 + -3?
-44550552
In base 2, what is 1100101111111000110001 - 100?
1100101111111000101101
In base 10, what is 118363 - 0?
118363
In base 13, what is 7 + -1455?
-144b
In base 15, what is -194bd - 1?
-194be
In base 13, what is -2036 + -1c?
-2055
In base 6, what is 10 - 230?
-220
In base 16, what is 3bbd - 24?
3b99
In base 10, what is -1 - 17879?
-17880
In base 9, what is -23518 - 50?
-23568
In base 6, what is 5 + -2324531?
-2324522
In base 5, what is -1301212 + -12?
-1301224
In base 10, what is 3178652 - -1?
3178653
In base 12, what is -184a - 6?
-1854
In base 5, what is -4 + -223201?
-223210
In base 13, what is -4 - -99590?
99589
In base 15, what is c - 30e26?
-30e19
In base 2, what is -1110110110 + 1100?
-1110101010
In base 14, what is -6a8 + -ac?
-776
In base 9, what is 40844 + 35?
40880
In base 13, what is -5 + -2174?
-2179
In base 6, what is 343 + -112255?
-111512
In base 14, what is 19 + 15?
30
In base 8, what is 32 + 105?
137
In base 15, what is c30 - 6?
c29
In base 2, what is 1111000100101110 + 101?
1111000100110011
In base 8, what is -7216551 - 3?
-7216554
In base 13, what is -3c6 - -17?
-3ac
In base 15, what is -22e7 + -8?
-2300
In base 4, what is -1113 + -11220?
-12333
In base 10, what is -17 - 2185?
-2202
In base 2, what is -101 + 1000110001000101?
1000110001000000
In base 16, what is -33a8c - -4?
-33a88
In base 9, what is 33 + 431?
464
In base 15, what is -2c285 + -3?
-2c288
In base 7, what is -60401 - -602?
-56466
In base 15, what is -2 + -213a6?
-213a8
In base 15, what is 5 - 17b4?
-17ae
In base 9, what is 7426 - -23?
7450
In base 6, what is 3 - 5430500?
-5430453
In base 7, what is 1515240 - 11?
1515226
In base 15, what is e + 455?
464
In base 9, what is 13 - 12321?
-12307
In base 14, what is -18a - 69a?
-846
In base 13, what is 5 - -a7ab?
a7b3
In base 13, what is -19 + 209c4?
209a8
In base 2, what is -100110011 - -100010?
-100010001
In base 11, what is 16 + 3235?
3250
In base 15, what is 11c7 + -1?
11c6
In base 15, what is -107 + -25a?
-362
In base 9, what is 5 - -20602?
20607
In base 16, what is f3 - -22?
115
In base 16, what is 4b7d - 8b?
4af2
In base 5, what is 103134 - 123?
103011
In base 11, what is 97a - -26?
9a5
In base 8, what is 220 - 1520?
-1300
In base 2, what is -1011111 + -1011011101?
-1100111100
In base 11, what is 23a82 + 0?
23a82
In base 6, what is -1 - 2115052?
-2115053
In base 4, what is -3200 + -220?
-10020
In base 3, what is 11211202101 - 22?
11211202002
In base 6, what is 1135120 + -20?
1135100
In base 5, what is 334443 - -4?
340002
In base 3, what is -2122 + 1121101?
1111202
In base 15, what is -7c5c + -c?
-7c69
In base 12, what is 4074a - -3?
40751
In base 9, what is 84818 - -12?
84831
In base 2, what is 1000011101 - -11001111?
1011101100
In base 13, what is 1 + -90084?
-90083
In base 11, what is -105 - 6540?
-6645
In base 13, what is -1a76 - 4?
-1a7a
In base 7, what is -2003 + 6?
-1664
In base 6, what is 11 + 33350?
33401
In base 11, what is 10140 + 23?
10163
In base 14, what is -4679 - -1c?
-465b
In base 7, what is 413 - 33001?
-32255
In base 11, what is -20736a - -1?
-207369
In base 2, what is 10001 - 100000000110?
-11111110101
In base 8, what is -12 + 160605?
160573
In base 13, what is -45a265 - -4?
-45a261
In base 6, what is -3 - 150202?
-150205
In base 2, what is 111 - 10010000100?
-10001111101
In base 11, what is -4 - 139a62?
-139a66
In base 8, what is -3 + 115324?
115321
In base 2, what is -11 + 11110011100?
11110011001
In base 13, what is -3497c - 4?
-34983
In base 3, what is -11210200000 - 11?
-11210200011
In base 15, what is 1 - -de8?
de9
In base 10, what is -5 + -42526?
-42531
In base 16, what is -f + 829?
81a
In base 7, what is 42 + 11640?
12012
In base 2, what is -1000011000001 + -101100001?
-1001000100010
In base 5, what is 13 - 22043311?
-22043243
In base 10, what is 30477 - 2?
30475
In base 2, what is 100000000111 - 10010?
11111110101
In base 7, what is 24650 + -6?
24641
In base 11, what is 107a89 - -6?
107a94
In base 3, what is -221220020 - 2201?
-221222221
In base 14, what is -5 + 894?
88d
In base 9, what is -2 - 5735?
-5737
In base 16, what is -2 + 9d99?
9d97
In base 4, what is -121 - -2321313?
2321132
In base 12, what is 26 + 1a22?
1a48
In base 5, what is -12 + 44330?
44313
In base 16, what is 4a4a1 + 3?
4a4a4
In base 10, what is 5 - -51316?
51321
In base 12, what is 12 + -639?
-627
In base 8, what is 3 + 104204?
104207
In base 2, what is -101011000 - -1101001001?
111110001
In base 14, what is -1417d3 + -8?
-1417db
In base 15, what is -3a915 - -2?
-3a913
In base 3, what is -212000 + -10100?
-222100
In base 6, what is 110535 + -13?
110522
In base 13, what is c + -74a?
-73b
In base 2, what is 0 + 1111100011110110?
1111100011110110
In base 16, what is -2371c + e?
-2370e
In base 5, what is -10 + 23120404?
23120344
In base 14, what is 221 + 3383?
35a4
In base 3, what is 10121 + -1101?
2020
In base 4, what is -3333010231 + 2?
-3333010223
In base 15, what is -115d - 1e?
-117c
In base 10, what is -28197 - -13?
-28184
In base 15, what is -d + -91ed?
-920b
In base 14, what is -34c - -17a?
-1b2
In base 12, what is 128 - aa6?
-97a
In base 2, what is -1000000 + -1101110100?
-1110110100
In base 2, what is -10000010110110011101 + 100?
-10000010110110011001
In base 5, what is 1410 + 11020?
12430
In base 9, what is 1048153 + -2?
1048151
In base 13, what is 20ac - 64?
2048
In base 8, what is 4 + -2330550?
-2330544
In base 4, what is 100 + -2000033?
-1333333
In base 14, what is -378b + -42?
-37cd
In base 11, what is -979 + 37?
-942
In base 2, what is 111011001011 - 1011?
111011000000
In base 2, what is -1011110 + -110011011?
-111111001
In base 3, what is 210220100001 - 20?
210220022211
In base 12, what is 4 - -18144?
18148
In base 9, what is -2 - -213822?
213820
In base 5, what is -2 + 12211?
12204
In base 14, what is 5 - -74c3?
74c8
In base 10, what is 268 - -3051?
3319
In base 5, what is 421023034 + -2?
421023032
In base 15, what is -1ab97 - 4?
-1ab9b
In base 7, what is -1625 - -13?
-1612
In base 16, what is -4cbd - 4?
-4cc1
In base 3, what is 2 - 12210000?
-12202221
In base 8, what is 70272 + 35?
70327
In base 9, what is 0 + -740518?
-740518
In base 13, what is 4 + -c1a?
-c16
In base 8, what is -470 - 2455?
-3145
In base 4, what is 2211320330 - -2?
2211320332
In base 14, what is 194 - 10?
184
In base 8, what is 4543 - 601?
3742
In base 11, what is 7 + 70?
77
In base 14, what is 3 + 872?
875
In base 6, what is 2 - 1305302?
-1305300
In base 9, what is 351148 - 1?
351147
In base 10, what is -1666 - 1179?
-2845
In base 11, what is 49 + -15135?
-15097
In base 16, what is d + 4c18?
4c25
In base 2, what is 101